4. Is w composite?
True
Let z(x) = 5*x**2 - 2*x + 4. Is z(-3) prime?
False
Suppose 0 = 4*r - 3*n - 845, -2*r + 425 = 3*n - 4*n. Is r a composite number?
True
Let g(b) = 59*b**3 + b - 1. Let d(t) = t**2 - 5*t - 5. Let i be d(6). Is g(i) prime?
True
Suppose -6*k + 8452 = -6386. Is k a prime number?
True
Let l(u) = u**3 + 2*u + 16. Is l(7) composite?
False
Let d = 9038 - 5207. Is d a composite number?
True
Let n(m) = -m**3 + 10*m**2 + 10*m - 14. Is n(9) a prime number?
True
Let x(b) = -b**3 + 7*b**2 - b + 3. Let w be x(5). Let y = 151 - w. Is y composite?
False
Let o = 537 + -334. Is o composite?
True
Let g(x) be the third derivative of -x**5/60 - x**4/24 + x**3/3 + 3*x**2. Let b be g(0). Suppose -92 = -6*s + b*s. Is s composite?
False
Let o(d) = d**3 + 13*d**2 - 13*d + 16. Let c be o(-14). Suppose -c*b + 200 = -414. Is b a composite number?
False
Suppose 0 = -2*p + 6*p - 3*o - 39, -2*p + 2 = 2*o. Suppose 2*j - p = -a - 1, 4*j = 0. Suppose 4*g = -a + 265. Is g a composite number?
True
Let n(x) = -x**2 + x + 3. Let b be 12/(-9)*3*-2. Let h be n(b). Let k = 38 - h. Is k prime?
False
Suppose -r = 2*i - 943, 2*i + 2*i + 5*r = 1877. Is i a prime number?
False
Let y = 789 + -553. Suppose -4*h = r - 173, -r + y = -5*h + 72. Is r composite?
True
Let c = 3751 + -2585. Suppose -5*l = c - 261. Let y = -99 - l. Is y composite?
True
Let z(n) = -18*n**2 - 3*n - 10. Let f(u) = 6*u**2 + u + 3. Let o(c) = -11*f(c) - 4*z(c). Is o(-3) prime?
False
Suppose 3*t = 5 - 26. Let k = t + 13. Let s(p) = p**3 - 5*p**2 + 2*p + 7. Is s(k) composite?
True
Is (32/(-80))/(2/(-2230)) composite?
True
Let c = -10 + 7. Let q = c + 10. Let t(u) = 2*u**2 - 7*u + 4. Is t(q) composite?
False
Suppose s = -7 + 2, 4326 = 2*r - 4*s. Is r a prime number?
True
Let i be 1/4 - 11012/16. Let r = i - -1077. Is r a composite number?
False
Let z(n) = -n**2 + 6*n. Let a be z(5). Let v = 1 + a. Is v a prime number?
False
Let d(u) = -u**2 + 5*u - 4. Let c be d(5). Let x be (43/c)/((-2)/(-16)). Is x/(-10) - 6/(-15) prime?
False
Suppose 2*r - 134 = r. Is r a composite number?
True
Let c = 4 + -1. Suppose -5*t - 3*q + 42 = 0, 0*q = c*t + 2*q - 26. Is t a composite number?
True
Let c = -41 + 57. Suppose 3*k = 2*o + 17, -3*o - 4*k = -c - 1. Is (-1)/(-2*o/(-12)) a prime number?
False
Suppose q + 78 = -2*r, 4*r + 62 = -q - 20. Is (q/8)/(3/(-12)) a prime number?
True
Is ((-304)/(-6))/(9/27) + -3 prime?
True
Is (-379)/3*(4 + -3)*-3 a prime number?
True
Suppose 5*s - 58 = -8. Let t be (-5)/s - (-10)/4. Suppose -4*a - 2*b = -54 - 266, -a + 75 = -t*b. Is a composite?
False
Let v(k) = k**2 + 4*k - 6. Let z = -36 + 21. Is v(z) composite?
True
Let j(b) = 3*b**3 - b**2 + 4*b - 5. Let q = -5 + 3. Let r be (q/(-3))/(5/30). Is j(r) composite?
True
Let g(c) = -2*c - 3. Let j be g(-4). Suppose -2*m - r + 186 = r, 0 = m - j*r - 69. Is m composite?
False
Suppose -14 = -5*t - 4. Suppose 0 = t*y + y - 3. Is (-1 + 0)/y + 132 a composite number?
False
Let o = 1569 + -1088. Suppose -3*b - 3*s + 505 = -215, -o = -2*b - s. Suppose -3*j = -3*t - 207 - 48, 3*j = -4*t + b. Is j a composite number?
False
Suppose -4*b + 178 = 2*r, -5*r + 363 = -b - 71. Is r a prime number?
False
Let l = 0 + 2. Let m be l*(1905/6 + -1). Suppose -2*b - b = -m. Is b a composite number?
False
Let r(c) = 2*c**2 - 6*c - 7. Let j(x) = -x + 2. Let a be j(-3). Let z be r(a). Suppose 2*n - 57 = -z. Is n prime?
False
Let j(p) = p**2 + p + 4. Let l be j(0). Suppose -c - c = 5*k - 37, 5*c - 43 = l*k. Is c a prime number?
True
Let i = -10 - -3. Let v be 2/i - (-74)/14. Suppose 57 = 5*a + 2*h, -2*a - v = 3*h - 30. Is a a composite number?
False
Let b be 6/(-9) - 2/6. Is 1/((-164)/166 - b) a composite number?
False
Is -1*(-98)/(-3 + 5) prime?
False
Suppose 1 = w - 3. Suppose -c = -w*f + 202, f - 59 = -c - 3*c. Is f a composite number?
True
Suppose -b - 2*b = -12. Suppose -b*f = -f - 63. Is f prime?
False
Suppose 6 - 16 = -5*w. Let g be 20/8 - w/4. Suppose -5*l = -g*l - 147. Is l composite?
True
Let u(i) = 16*i + 9. Let m be u(7). Let w be m + (0 - (-6)/(-3)). Is -1*0/(-1) + w composite?
True
Let l = -4 - -7. Let b = -94 - -194. Suppose -q - l*q = -b. Is q a composite number?
True
Is (-4*57/(-6))/2 a composite number?
False
Is -1*(-1)/3 - (-21256)/24 a prime number?
False
Is -1 - (-471 - 3*(-1)/3) a prime number?
False
Let f be 1 + -3 + 22*21. Let o = f - 212. Suppose -2*d = 2*d - o. Is d a prime number?
False
Suppose 6*r - 282 = 4*r. Is r a composite number?
True
Suppose 3*r - 40 = 137. Is r a prime number?
True
Let n(z) = 35*z - 2. Let c(w) = -34*w + 3. Let d(x) = -5*c(x) - 6*n(x). Is d(-10) a prime number?
True
Let r(b) = -15*b + 3. Let m be (4*6/(-3))/(-2). Let a be r(m). Let z = a + 82. Is z prime?
False
Let x = 28 + 61. Suppose x = 2*c - c - 2*p, -5*p - 445 = -5*c. Is c a prime number?
True
Let k(d) = 456*d - 5. Is k(8) a prime number?
True
Let o(u) = 2*u**3 - 4*u**2 + 8*u - 11. Let m be (-8 - 3/3)*-1. Is o(m) a prime number?
False
Suppose 3 = b - 0*b. Suppose -b*u = -0*u - 150. Is (-3 - -4)*(1 + u) prime?
False
Let s(u) = 6*u**3 - 5*u**2 - 4*u + 9. Is s(5) prime?
False
Suppose -4*v = -2*v. Suppose 0 = l - v*l - 9. Is l a composite number?
True
Suppose 5*z = -25, -1814 = -4*y + z + 419. Is y composite?
False
Let f(x) = x - 4. Let g be f(10). Is ((-82)/g)/((-1)/15) a prime number?
False
Let a be 83/(-2 + (-18)/(-8)). Suppose -7*q + 3*q = -a. Is q a composite number?
False
Let g = 118 - -67. Is g composite?
True
Suppose 2*d + 9 = 181. Suppose s - d = -15. Is s a prime number?
True
Let t be ((0/(-1))/2)/1. Suppose h - 11 + 4 = t. Suppose 0 = -2*f + h*f - 290. Is f composite?
True
Is (-422)/3*(-12)/8 prime?
True
Suppose 2*j + 42 = 190. Suppose l + j = -22. Let v = l + 189. Is v prime?
False
Let x(g) = 29*g - 9. Let z be x(6). Let c be (-2 - (-5)/2)*4. Suppose c*t + t = z. Is t prime?
False
Suppose -8*t + 6*t = 0. Suppose 2*n - 5*n + 1401 = t. Is n a prime number?
True
Suppose 3*p = -0*c - 2*c + 958, -2*p + c = -648. Let h(q) = -q**2 + 5*q + 3. Let i be h(5). Suppose -i*f = -5*f + p. Is f a prime number?
False
Let n = -7 - -3. Is n/16 + 1479/12 a prime number?
False
Suppose 8 - 380 = -2*q. Suppose -j + q = 2*j. Is j a composite number?
True
Suppose 4*m - 6*m + 5*u + 385 = 0, m + u = 196. Is m/6 - (-1)/2 composite?
True
Suppose 0 = -3*j - 7*j + 6310. Is j a prime number?
True
Suppose -14*r + 12*r = -380. Let a(p) = p**3 + p**2 - p - 2. Let d be a(0). Is (6/(-3))/d + r composite?
False
Suppose 0 = -4*t + 4*w + 24, -2*w = -t + 13 - 4. Suppose 0 = -t*y + 108 - 15. Suppose 5*p + 26 - 197 = -b, p + b - y = 0. Is p a composite number?
True
Let s = -3096 - -7531. Is s composite?
True
Suppose -q - 5*w + 2*w + 484 = 0, 0 = q + 4*w - 483. Is q prime?
True
Let o(u) = -3 - 6*u - u + 2*u. Suppose 3*s + 10 = -5. Is o(s) composite?
True
Let r(x) = 2*x**2 - 3*x + 4. Let b be r(-6). Suppose 3*w - 298 = 5*m, 5*m = -w + 12 + b. Let y = w + -18. Is y composite?
False
Let m(u) = -94*u + 15. Is m(-11) a prime number?
True
Let u be ((-30)/25)/(3/(-1270)). Let f = u + -135. Is f a prime number?
True
Suppose s - 527 - 684 = 0. Is s a composite number?
True
Let j(i) = 7*i - 7 + i**3 - 5*i**2 + 3*i - 1. Let q be j(6). Let s = -63 + q. Is s composite?
True
Let g = 1231 + 292. Is g composite?
False
Is (-1)/4 - (-5691)/28 prime?
False
Let h = -55 + 152. Is h composite?
False
Suppose -601 = -2*p + 189. Suppose 4*z + p = 4*o - z, -2*z = 2*o - 184. Let u = o + -58. Is u a prime number?
True
Let o be 439 - -6*(-3)/(-6). Suppose a = -a + o. Is a a prime number?
False
Suppose -k + 6*k + 20 = 0, -4*k + 1639 = 5*m. Is m prime?
True
Suppose 5*y - 51 = -z + 39, 0 = -3*z - 3*y + 210. Let b = z + 14. Is b prime?
True
Let f be (8/10)/((-2)/(-5)). Let d be 48/28 + f/7. Suppose -l + 141 = d*l. Is l a prime number?
True
Let j(k) be the third derivative of 1/24*k**4 + 0*k - k**2 + 0 + 1/6*k**3. Is j(2) composite?
False
Let m(u) be the first derivative of 49*u**3/3 + u**2 + u - 1. Let a be m(-1). Let g = a - -7. Is g composite?
True
Let f(o) = 315*o - 5. Let d be f(4). Suppose -9*z - d = -14*z. Is z a composite number?
False
Let w(z) = 36*z**2 - 4*z + 7. Is w(3) a composite number?
True
Let p(z) = -z**2 + z - 1. Let n(g) = 7*g**2 + 2*g + 8. Let b(u) = n(u) + 6*p(u). Let f = -1 + -8. Is b(f) a composite number?
